base 14?
51a8
Convert 122330 (base 4) to base 7.
5012
Convert 3312031 (base 4) to base 12.
9151
What is 5dd4 (base 14) in base 9?
24512
Convert -6b11 (base 14) to base 16.
-48cb
What is 279 (base 12) in base 8?
575
Convert -1266 (base 8) to base 10.
-694
-11d96 (base 14) to base 15
-ceca
Convert 243 (base 6) to base 15.
69
What is -3021 (base 8) in base 4?
-120101
Convert 109a (base 11) to base 14.
74c
What is 1024410 (base 5) in base 10?
17480
What is 122c (base 16) in base 9?
6338
What is -14425 (base 12) in base 10?
-28253
What is de48 (base 15) in base 7?
254204
Convert 5324 (base 8) to base 16.
ad4
What is -21112222 (base 3) in base 4?
-1112003
-14a (base 15) to base 5
-2140
Convert -13445 (base 9) to base 7.
-35366
Convert -30 (base 8) to base 5.
-44
Convert -23000030 (base 4) to base 5.
-2420233
Convert -31101 (base 6) to base 12.
-2491
-549 (base 12) to base 6
-3333
What is 30721 (base 10) in base 12?
15941
-193c (base 14) to base 10
-4562
What is -12112 (base 3) in base 16?
-95
Convert -502 (base 6) to base 7.
-350
What is -15021 (base 7) in base 5?
-113011
What is 702 (base 10) in base 3?
222000
What is 22216 (base 9) in base 7?
61011
What is 10100101010 (base 2) in base 16?
52a
Convert -28481 (base 9) to base 12.
-b247
Convert -58b (base 14) to base 15.
-4d8
Convert 4454 (base 9) to base 13.
1660
What is 20c (base 15) in base 7?
1230
Convert 926 (base 16) to base 2.
100100100110
Convert 220024 (base 6) to base 4.
10123300
Convert 19325 (base 10) to base 13.
8a47
What is 3366 (base 8) in base 16?
6f6
Convert 12240 (base 6) to base 5.
24244
441403 (base 5) to base 15
47a3
Convert 2031023 (base 4) to base 5.
242120
What is 2068 (base 10) in base 16?
814
What is 2000110 (base 3) in base 16?
5be
Convert -1210210101 (base 3) to base 15.
-a814
-936 (base 11) to base 6
-5120
What is -10414 (base 5) in base 7?
-2066
3160 (base 7) to base 4
101200
-2252 (base 11) to base 12
-1869
What is -12110021 (base 4) in base 8?
-62411
-1093 (base 11) to base 13
-863
Convert -450 (base 11) to base 5.
-4124
What is -400 (base 7) in base 15?
-d1
What is -8232 (base 9) in base 7?
-23363
Convert -1403 (base 6) to base 4.
-11223
What is -16632 (base 12) in base 16?
-7d06
-2111211 (base 3) to base 2
-11100100111
Convert 1011110101100 (base 2) to base 8.
13654
What is -6c (base 15) in base 14?
-74
What is b969 (base 12) in base 10?
20385
Convert -11010100011 (base 2) to base 13.
-a09
Convert -52471 (base 8) to base 5.
-1144232
-1a37 (base 12) to base 2
-110010001011
13211 (base 4) to base 11
401
What is -202111 (base 4) in base 9?
-3011
What is 12000322 (base 4) in base 9?
36711
51 (base 12) to base 11
56
376 (base 13) to base 14
312
Convert 315 (base 6) to base 7.
230
-38679 (base 11) to base 10
-55383
Convert -462 (base 10) to base 7.
-1230
Convert -325 (base 10) to base 12.
-231
Convert 847 (base 11) to base 16.
3fb
Convert -54443 (base 6) to base 16.
-1d5b
What is 471 (base 9) in base 13?
23b
-89 (base 10) to base 11
-81
What is 102301012 (base 4) in base 5?
4424440
Convert -11105 (base 6) to base 12.
-a95
-62 (base 7) to base 15
-2e
Convert 7683 (base 9) to base 13.
2769
5b67 (base 12) to base 16
283f
Convert -1100110100 (base 2) to base 4.
-30310
61042 (base 7) to base 11
10116
-130e3 (base 16) to base 15
-181d6
What is 802 (base 12) in base 13?
6aa
-545 (base 8) to base 11
-2a5
1011210201 (base 3) to base 13
a726
Convert -42143 (base 8) to base 5.
-1030012
What is 154043 (base 8) in base 11?
38631
-3b31 (base 15) to base 12
-739a
What is -3610 (base 7) in base 10?
-1330
What is 10213003 (base 4) in base 9?
27811
Convert b0 (base 16) to base 13.
107
What is 751 (base 16) in base 4?
131101
-42012 (base 8) to base 13
-7c0b
647 (base 12) to base 3
1021001
-382 (base 10) to base 16
-17e
-b504 (base 13) to base 9
-37275
What is -1011122 (base 4) in base 8?
-10532
What is -17123 (base 9) in base 12?
-6986
-422 (base 6) to base 10
-158
What is 221010 (base 3) in base 10?
678
-5d2 (base 16) to base 3
-2001012
2111303 (base 5) to base 9
53254
13130313 (base 4) to base 12
157b3
-2313 (base 5) to base 13
-1c8
Convert -103400 (base 5) to base 8.
-7020
-1120000202 (base 3) to base 15
-9128
What is -2100031 (base 4) in base 5?
-243404
-3c45 (base 13) to base 4
-2013210
Convert 12114 (base 9) to base 3.
102010111
Convert 21212 (base 3) to base 8.
324
What is 51355 (base 6) in base 2?
1101010110111
Convert 41220 (base 6) to base 5.
133414
What is -53660 (base 10) in base 12?
-27078
-5347 (base 11) to base 9
-10624
What is -76a7 (base 11) in base 2?
-10011110110000
769 (base 11) to base 15
417
What is 2cbd (base 16) in base 11?
8672
What is 2dab (base 16) in base 3?
121001000
-9597 (base 13) to base 2
-101000100000110
What is -6b24 (base 15) in base 7?
-123232
Convert 7 (base 10) to base 8.
7
1940 (base 10) to base 12
1158
-182 (base 11) to base 13
-133
What is 619 (base 14) in base 9?
1572
What is 16c0 (base 13) in base 7?
12550
2057 (base 8) to base 3
1110200
Convert 11333030 (base 4) to base 14.
8d1a
Convert 100110000010 (base 2) to base 16.
982
What is 1323 (base 11) in base 8?
3267
-224 (base 7) to base 16
-74
Convert -2231123 (base 4) to base 8.
-25533
20 (base 14) to base 6
44
Convert -21001112 (base 3) to base 16.
-1418
-271 (base 10) to base 9
-331
1000100001 (base 2) to base 6
2305
What is -12202233 (base 4) in base 14?
-9aa3
Convert -110111011011 (base 2) to base 4.
-313123
-76224 (base 9) to base 7
-300121
What is 33103 (base 7) in base 4?
2001130
What is 33 (base 14) in base 10?
45
Convert -12254 (base 6) to base 8.
-3452
Convert -14232 (base 13) to base 14.
-da6c
-266 (base 10) to base 12
-1a2
What is -c72 (base 14) in base 5?
-34302
What is 38ab (base 14) in base 3?
111122120
Convert 101210 (base 5) to base 15.
ea5
-10032332 (base 4) to base 7
-101363
Convert -20210002 (base 3) to base 2.
-1001101001111
27660 (base 9) to base 3
221202000
-17653 (base 8) to base 2
-1111110101011
What is -11303 (base 5) in base 13?
-4b9
Convert -2153 (base 6) to base 10.
-501
Convert -8e (base 16) to base 9.
-167
Convert -7845 (base 9) to base 15.
-1ab2
1114242 (base 5) to base 9
30323
-4022 (base 6) to base 7
-2363
What is 11220210 (base 3) in base 11?
276a
47a (base 13) to base 9
1053
Convert 1000110110 (base 2) to base 14.
2c6
Convert 21180 (base 12) to base 9.
65526
Convert 607 (base 10) to base 13.
379
Convert 4122 (base 5) to base 4.
20121
-7c5 (base 13) to base 8
-2500
What is 23b01 (base 12) in base 14?
1381b
12222200 (base 3) to base 6
32113
What is 2c33 (base 13) in base 10?
6464
Convert 348 (base 9) to base 16.
11f
Convert 24937 (base 12) to base 7.
264652
What is -1277 (base 10) in base 11?
-a61
10000001111001 (base 2) to base 6
102253
Convert -313401 (base 5) to base 16.
-28ec
Convert -26c (base 14) to base 5.
-3423
Convert 4104 (base 8) to base 4.
201010
-443 (base 6) to base 13
-102
What is -200121100 (base 3) in base 2?
-11010011111011
Convert -120101002 (base 3) to base 5.
-324312
-2450 (base 6) to base 2
-1001011110
What is -a0a (base 12) in base 9?
-1881
Convert -18874 (base 13) to base 12.
-23654
Convert -10310030 (base 4) to base 13.
-8c93
-27285 (base 9) to base 6
-221252
What is 31232 (base 4) in base 8?
1556
-2023 (base 6) to base 2
-110111111
What is 10003 (base 9) in base 5?
202224
What is -7883 (base 10) in base 2?
-1111011001011
-103021 (base 5) to base 6
-24131
What is -80a (base 11) in base 12?
-696
What is -4c8 (base 14) in base 10?
-960
Convert -95 (base 10) to base 8.
-137
What is -2cd (base 14) in base 13?
-351
-1232120 (base 4) to base 5
-211224
30b (base 15) to base 14
370
Convert 350 (base 10) to base 12.
252
What is -1612 (base 7) in base 12?
-45a
Convert 23113 (base 4) to base 12.
507
Convert b3b (base 15) to base 14.
ccb
What is -2415 (base 7) in base 6?
-4050
What is -2253 (base 8) in base 12?
-837
-63a7 (base 12) to base 13
-4c87
Convert -db4 (base 14) to base 2.
-101010010010
-5034 (base 6) to base 4
-101032
22214 (base 5) to base 4
120113
20055 (base 6) to base 5
41002
1222100 (base 3) to base 16
5a0
Convert -61b (base 14) to base 7.
-3334
-10d7 (base 16) to base 12
-25b3
216 (base 15) to base 6
2103
What is -4412002 (base 5) in base 3?
-10212002021
What is 41124 (base 6) in base 2?
1010101001100
Convert 112112211 (base 3) to b